emainder when x is divided by 187.
141
Let z(t) = -t**3 + 15*t**2 - 15*t + 15. Let b be z(14). Let l = 258 + -160. Calculate the remainder when l is divided by ((-75)/(5 - 2))/((-1)/b).
23
Let s = 256 - 121. What is the remainder when (1*(-2 - s))/(-1) is divided by (-33592)/(-1196) + -3 + (-335)/(-115)?
25
Suppose 2*i - 363 = -3*n, -2*i + 3*n + 357 = 4*n. What is the remainder when i is divided by 49?
30
Suppose -2*g = -3*m + 587, -2*g - 1745 = -66*m + 57*m. Calculate the remainder when 2888 is divided by m.
186
Let w = -75 - -189. Let a = w - 103. What is the remainder when 30 is divided by a?
8
Suppose -36 = -9*x - 3*x. Suppose -6*g + 1332 = x*g. Suppose -237 = -7*m + g. What is the remainder when m is divided by 20?
15
Let c(b) = -113*b - 315. Suppose 5*i - 400 = 3*h, -5*i - 4*h + 164 + 201 = 0. Calculate the remainder when i is divided by c(-3).
5
Suppose 7*i - 3*u = 4*i + 6, i = 5*u - 18. Let a(v) = v**3 - 8*v**2 + 8*v + 2. Let k(s) = 3*s**2 + 3*s + 6. What is the remainder when k(-4) is divided by a(i)?
6
Let o = -23845 + 23916. What is the remainder when 180 is divided by o?
38
What is the remainder when 829 is divided by (-35 - -45)*((-44)/(-10) - 0)?
37
Suppose -1836 = -615*c + 581*c. What is the remainder when 533 is divided by c?
47
Calculate the remainder when 73 is divided by 5/(-5) - (-1)/(6/78).
1
Let s = 235 + -323. Suppose 5*c + 504 = -5*h + 154, 3*c + 205 = -4*h. Let r = c - s. Calculate the remainder when 22 is divided by r.
9
Suppose 0 = -5*r, -2*r - 3 = -v - 0*r. Suppose 5*s = 4*q - 169, -3*q + 37 + 56 = v*s. Calculate the remainder when q is divided by 4.
0
Suppose m - 2 = 11. Let r(o) = -4. Let q(s) = -12*s - 127. Let j(z) = q(z) - 3*r(z). Calculate the remainder when m is divided by j(-10).
3
Let o(f) = 204*f - 3161. What is the remainder when o(20) is divided by 152?
7
Let c be ((-6)/(-8))/((-2)/(-16)). What is the remainder when (c/(-10))/((-2)/170) is divided by -169 + 174 - 1/(-1)?
3
Suppose 3*u = -0*u + 5*j + 368, 680 = 5*u + 5*j. What is the remainder when 152 is divided by u?
21
Suppose 0 = -8*y + 78*r - 76*r + 770, -4*r + 126 = y. Calculate the remainder when 3624 is divided by y.
96
Let f = 71 - 57. Suppose f = x + 6. Calculate the remainder when ((-46)/(-16)*-2)/((-2)/x) is divided by 9.
5
Suppose 5 = 5*f - 20, -k + 4*f = 23. Calculate the remainder when 115 is divided by (-3 - 6)/(-27) + (-38)/k.
11
Suppose 3*r + 0*r - f = 17, f - 18 = -2*r. Suppose -3*h + r*h - 28 = 0. Let o(u) = -u**3 + 7*u**2 + 6*u - 6. What is the remainder when o(h) is divided by 14?
8
Let a = -619 - -1027. Suppose 5*r - 11 = 4, -2*q + 47 = 5*r. Calculate the remainder when (a/15 - -1)/((-2)/(-10)) is divided by q.
13
Let j(s) = 8*s**2 + 22*s - 5. Let u(o) = -21*o**2 - 65*o + 15. Let n(l) = -8*j(l) - 3*u(l). Calculate the remainder when 728 is divided by n(6).
71
Let h = -221 - -243. Suppose -174 = -h*t + 16*t. What is the remainder when 67 is divided by t?
9
Suppose -5228 = -19*i + 5760 + 13. Calculate the remainder when i is divided by 8.
3
Suppose -o - 4 = -3. Let i be (11/2)/(o/(-2)). Let s(a) = 4*a - 24. What is the remainder when 59 is divided by s(i)?
19
Suppose 11*i - 3 = 52. Suppose -2*l = p + i, p - 6*p + 50 = -5*l. Calculate the remainder when 12 is divided by p.
2
Let h(a) = 5*a**2 - 24*a + 148. Let z be h(9). Suppose -z*y = -329*y - 616. Calculate the remainder when y is divided by 17.
9
Suppose 42*h = 43*h - 4*o - 195, 3*h + 3*o = 615. Calculate the remainder when 1016 is divided by h.
1
Let p = -65 - -182. Suppose p*s - 180 = 111*s. Calculate the remainder when s is divided by 21.
9
Let d = -3 + 6. Suppose -x = -5*h - 4, 2*h = 71*x - 70*x - 4. Suppose -56 = -5*j - d*n, -n = 2*j - x*n - 35. Calculate the remainder when 23 is divided by j.
10
Let u be (25/5)/((-1)/(-3)). What is the remainder when 36 is divided by u*(1/(-4))/((-78)/208)?
6
Let o = -795 - -800. Suppose 2*i - 2*c - 2*c - 46 = 0, i + 4*c - o = 0. What is the remainder when 1067 is divided by i?
13
Suppose -29*z + 9680 = -7*z. Let s = z + -397. Calculate the remainder when 103 is divided by s.
17
What is the remainder when ((-1)/2)/(34/(-10472)) is divided by 83?
71
Let z = 513 + -511. Suppose -3*u + 3 = 9, -z*u = k - 45. Calculate the remainder when k is divided by 1.
0
Calculate the remainder when ((-51880)/30)/((-40)/60) is divided by 324.
2
Let o(l) = l**3 - 38*l**2 + 282*l - 5. Calculate the remainder when o(8) is divided by 13.
6
Suppose 0 = 4*b + 5*g + 215, -2*g + 7*g + 265 = -5*b. Let l = b + 60. What is the remainder when l is divided by 6?
4
Let t(v) = 573*v - 4885. Calculate the remainder when t(13) is divided by 12.
8
Let h(j) be the second derivative of -j**4/4 + 17*j**3/3 - 13*j**2/2 - 3*j + 8. What is the remainder when 43 is divided by h(10)?
16
Let a = -2251 + 5836. Calculate the remainder when a is divided by 211.
209
Let j = 320 + -316. Suppose 14*v - 19*v - 65 = -k, 0 = j*k - 2*v - 242. What is the remainder when 297 is divided by k?
57
Suppose -4*j - 3 = -3*j, 32 = 4*i + 4*j. Let g = 54 - -21. Let q = -33 + g. Calculate the remainder when q is divided by i.
9
Suppose -3*p + 3*h - 3 = 0, 3*h = 5*p + 2 - 5. Suppose -5*c - 2*o + 234 = 0, -5*o - 150 = -p*c - 3*o. Calculate the remainder when c is divided by 28.
20
Let o = 84 - 19. Suppose 5*g - 255 = o. Suppose -4*h + 61 = 3*q, 6*q - 2*h = 4*q + g. What is the remainder when q is divided by 14?
13
Let j be (-324)/45 + 7 + (-1952)/(-10). Suppose -20*t = -j - 205. Calculate the remainder when t is divided by 5.
0
Let z = 4017 - 3989. Calculate the remainder when 5991 is divided by z.
27
Let l = 115 + -84. Suppose 5*m = 51 + 14. Calculate the remainder when l is divided by m.
5
Let t(n) = -n**3 + 6*n**2 + 2*n + 8. Let j(w) = 315*w - 217. Calculate the remainder when j(1) is divided by t(6).
18
Let f = 832 + -830. Suppose -4*y + 2*y - 163 = -7*o, -4*y = -f*o + 50. Calculate the remainder when 100 is divided by o.
8
Let f(p) = -p**3 - 11*p**2 + 10*p - 29. Let z be f(-12). What is the remainder when 53 is divided by (-4 + z)*1*2/(-2)?
8
Let r = -12269 - -12341. What is the remainder when 140 is divided by r?
68
Suppose 15*c - 65 + 5 = 0. Let f = 78 - 36. What is the remainder when f is divided by (-404)/(-1010)*(1 + 106/c)?
9
Suppose 2*t = 297*o - 294*o + 755, 3*o = 5*t - 1874. What is the remainder when 388 is divided by t?
15
Let p = -25 - -40. Suppose p*c - 14*c - 52 = 0. Suppose 3*o - 33 = -t, 0*t - 4*o = -4*t + c. What is the remainder when t is divided by 5?
3
Calculate the remainder when 112 is divided by (16/(-208))/((-11)/715).
2
What is the remainder when 110 is divided by ((-4522)/(-57))/34 + (-116)/(-3)?
28
Let a(p) = 2 - 24 - 7*p - 5*p - 7*p**3 + 13 - 2*p**2. Calculate the remainder when a(-2) is divided by 17.
12
Suppose -3*j + 145 = 7*m, -4*m - 55 = -j + 25. Calculate the remainder when 1496 is divided by j.
56
Let a = 81 + -29. Suppose -2*u = -3*c - 8 - a, 124 = 4*u - 4*c. Calculate the remainder when 262 is divided by u.
31
Let c be 4*2*(-2)/(-4). Suppose 69 = 5*f + c*u, -2*u - 52 = -4*f - 6*u. Let l(d) = 6*d + 11. Calculate the remainder when l(f) is divided by 38.
37
Let w be ((-550)/(-66))/((-1)/(-3)). Let z(k) = 10*k - 228. Calculate the remainder when 305 is divided by z(w).
19
Suppose 0 = 5*g - t - 1575, -g + t + 246 + 69 = 0. What is the remainder when g is divided by 16?
11
Let d(g) = -g**2 - 10*g - 4. Let r(q) = -q - 4. Let a be r(4). Let x be d(a). Suppose 363 = x*k + 111. Calculate the remainder when 102 is divided by k.
18
Let m(p) = 246*p**2 - 22*p - 25. Calculate the remainder when m(-1) is divided by 49.
47
Let a(p) = 370*p**2 + 25*p + 11. What is the remainder when a(-1) is divided by 21?
20
Suppose 2*z + y - 1 = 4, -3*y - 3 = 0. Let m be (z/(-9)*4)/(1/(-39)). Let h = 82 - m. Calculate the remainder when h is divided by 4.
2
Suppose -4*d + 195 - 23 = 0. Suppose 0 = -39*v + d*v - 492. What is the remainder when v is divided by 31?
30
Suppose -16*r + 3*o = -15*r - 15, -123 = -5*r - o. What is the remainder when 70 is divided by r?
22
Let w(f) = 46*f + 50. Let c be w(-1). Calculate the remainder when 97 is divided by 58 + (-6)/1 - (-7 + c).
42
Calculate the remainder when 523 is divided by 88*(-35)/(-120) - (-2)/(-3).
23
Let c(z) = -z + 67. Let f be c(38). Suppose -